 h(l).
8
Let y(z) = z**2 - 5*z + 9. Let r be y(6). Suppose -6 = 2*b + 2*l, -3*l - r = -b - 6. Let g(d) = 14*d + d**2 - 17*d + 2*d - 3. What is g(b)?
-3
Let o(i) = i**3 + 7*i**2 + 6*i + 3. Let k be (-1 + -1)/(-2) - -6. Let n(g) = 1 - k + 0 + 7*g - g**2. Let q be n(7). What is o(q)?
3
Let v(x) = 2*x**2 + 4*x - 5. Let j(s) = -3*s**2 - 9*s - 7*s**2 - 4 - s**3 + 0*s**2. Let k be j(-9). What is v(k)?
11
Let v(m) be the first derivative of -m**4/4 - 2*m**3/3 + 3*m**2 + 3*m + 2. Suppose -7*z - 36 = 2*z. Determine v(z).
11
Suppose 2*n + 2*w - 7*w + 16 = 0, w - 2 = 0. Let z(x) = -3 + 0*x + 6*x - 3*x - x. What is z(n)?
-9
Let k(d) = 2*d**2 - 4*d + 2. Let c(i) = i**3 - i - 3. Let b be c(2). Determine k(b).
8
Let h(b) be the second derivative of b**8/6720 + b**7/840 + b**6/360 + b**5/30 + b**4/6 + 2*b. Let f(i) be the third derivative of h(i). What is f(-3)?
-2
Suppose -5*x + 32 = -43. Let m be (12/x)/((-2)/(-10)). Suppose -m*q = -5 + 1. Let b(l) = l**3 + 2*l**2 - 2*l + 1. Determine b(q).
2
Let g be 7/(-2) - (-1)/(-2). Let i(z) be the third derivative of z**6/120 + z**5/12 + z**4/12 - z**3/3 + 9*z**2. Determine i(g).
6
Let x(k) = -3*k**2 + 2. Let o(r) = r**3 - 6*r**2. Let m be o(6). Suppose m = 3*d + 3 + 3. Give x(d).
-10
Suppose -5*g - 5 = -0. Let y(f) = -1 - 2 + 4 - 2*f. What is y(g)?
3
Let s(l) = 6*l + 6. Let y(j) = -5*j - 5. Suppose 4*k - 20 = -m, -4*m = -0*k - 4*k. Let o(g) = m*y(g) + 3*s(g). What is o(-3)?
4
Let k = 3 + -8. Let g(h) be the second derivative of h**4/12 + 2*h**3/3 - h**2 - 10*h. Give g(k).
3
Let l(x) be the third derivative of 1/6*x**4 + 1/10*x**5 - 3*x**2 + 0*x - 7/6*x**3 + 1/120*x**6 + 0. Determine l(-5).
-2
Let i(u) = u - 2. Let l be i(5). Suppose -l*f = -5*f + 4. Let c(t) = 5*t - t**2 - 3 + t - 2*t. Determine c(f).
1
Let c(z) = 2*z + 6. Let i(f) = -f**3 + 4*f**2 - 3*f - 4. Let n be i(3). What is c(n)?
-2
Let q(f) = f**2 - 2*f + 1. Let d = -66 + 70. What is q(d)?
9
Let z(r) be the second derivative of -r**3/6 + r**2/2 + 8*r. Let t(g) = g**2 - g - 1. Let n be 2/(-3) - 10/(-15). Let h be t(n). What is z(h)?
2
Let s(b) = b**2 - 9*b + 10. Suppose w - 3 = 5. Give s(w).
2
Let f(r) = 2*r**2 - 1. Suppose b + 1 = 5*v + 5*b, v - 4*b = 5. What is f(v)?
1
Let i(b) = b**2 + 6*b**2 + 2*b**3 - b**3 + 0*b**3 + 7*b + 7. Let v be ((-2)/(-4))/(1/(-12)). Give i(v).
1
Let y(o) = -2*o - o**3 + 3*o**2 - o**2 + 0 + 1. Let j(b) be the second derivative of b**4/12 - b**3/3 + b**2 - 3*b. Let d be j(2). Calculate y(d).
-3
Let f(s) = -s + 1. Let h be f(-3). Let x(c) = -c**2 + 19 + c**3 - 4*c**2 + 5*c + 0*c - 25. Calculate x(h).
-2
Let d(i) = 2*i - 6 + 5*i**3 + 3 + 1 + 3. What is d(-1)?
-6
Let y(k) be the third derivative of -k**5/60 + k**4/8 + k**3/3 - k**2. Suppose -2*s + 2*q + 4 = -4, 0 = 4*s + q - 16. Let t = 0 + s. Calculate y(t).
-2
Let v(b) = -b**3 + 8*b**2 + 11*b - 13. Suppose -2*j + 7 = -11. Let f be v(j). Suppose f*i = 36 - 16. Let n(k) = -2*k + 4. Calculate n(i).
-4
Let m(z) = -z**3 + z. Let c(w) = -4*w + 2*w**2 - 3*w**2 + 7 + 11*w. Let d = -6 + 14. Let n be c(d). Determine m(n).
0
Let k be 5 - 1 - (-14)/(-7). Let j(o) = 5*o - 2*o + 1 - 3. Give j(k).
4
Suppose -4*c + 28 - 8 = 0. Let q(l) = 2*l**3 - 2 + l**3 + 4*l**2 - c*l**3 - l. Calculate q(2).
-4
Let q(s) = s - 3. Let c be q(2). Let v(i) = -15*i**3 + 8*i - 5. Let y(u) = -5*u**3 + 3*u - 2. Let g(f) = -3*v(f) + 8*y(f). Give g(c).
-6
Let z(k) = -2*k - 3. Let v(u) = -2*u**2 + 2*u - 4. Let h be v(0). What is z(h)?
5
Suppose 0*i + 4*i = 4. Let u(x) = 6*x + 1. Give u(i).
7
Let a(b) be the first derivative of -5*b**4/24 - 4*b**2 + 5. Let l(w) be the second derivative of a(w). Calculate l(1).
-5
Let d be 8/3*3/2. Suppose 5*l + c + 1 = 0, -l + 2 = 2*c - 4*c. Let m = l - d. Let x(n) = n**2 + 6*n + 4. Determine x(m).
-4
Let w(q) = 5*q - 1. Let g be (1/(-2))/((-1)/(-2)). Give w(g).
-6
Let i(r) be the second derivative of r**6/720 + r**5/24 - r**4/12 + 4*r. Let o(v) be the third derivative of i(v). Determine o(5).
10
Let r(v) be the third derivative of v**6/40 + v**5/12 + v**2. Let d(a) = -2*a**3 - 3*a**2. Let l(f) = -5*d(f) - 3*r(f). Give l(1).
1
Let n be (-1)/(-3)*(1 + -10). Let d(b) = -b**2 + 2. Give d(n).
-7
Let p(k) = -2*k - 7. Let n be p(-5). Suppose -8 = 4*j + n*m, -5*j - 30 = -3*j - 5*m. Let s(y) = -y**2 - 6*y + 5. What is s(j)?
10
Suppose 0 = 2*a - 8*a + 588. Let t be a/21*3/(-2). Let h(g) = g**3 + 8*g**2 + 8*g + 3. Give h(t).
-4
Let h(c) = 3*c**2 - 8*c + 7. Suppose r + 9 = -3*q + 3, -2*q = 0. Let o(x) = -4*x**2 + 9*x - 8. Let u(z) = r*h(z) - 5*o(z). Suppose -a - 2 - 1 = 0. Give u(a).
7
Suppose 0 + 2 = 2*k. Let j be (-9 + k)*(-2)/(-4). Let l(f) be the second derivative of f**5/20 + 5*f**4/12 + f**3/2 - 5*f**2/2 + f. Determine l(j).
-1
Let m(b) = -3*b**3 + b**2 - b + 1. Let n be 4/6*(-3)/(-2). Let s be m(n). Let p(t) = 4*t + 3. Calculate p(s).
-5
Suppose -t + 20 = -w - w, -3*w = 5*t + 56. Let h be (-34)/8 + (-3)/w. Let g(u) = u**3 + 5*u**2 + 2*u. What is g(h)?
8
Let a(n) = -n**3 - 15*n**2 - 5. Let u be 8/(-4) + 44/(-4) + -2. Calculate a(u).
-5
Let q(m) = -2*m + 19. Let z(s) = -2. Let x(u) = q(u) + 4*z(u). What is x(8)?
-5
Let v(d) = d + 11. Let i(w) = w - 6. Let h(j) = 3*j - 12. Let s(x) = 2*h(x) - 5*i(x). Let n(q) = 11*s(q) - 6*v(q). Give n(2).
10
Let b = -7 - -11. Let m(h) be the first derivative of h**3/3 - h**2/2 - 2*h - 14. What is m(b)?
10
Let n(j) = 7*j**3 + 14. Let v(w) = -3*w**3 - 5. Let h(t) = -6*n(t) - 17*v(t). Determine h(1).
10
Suppose 5*z - 229 = 4*d - 41, 6 = -3*d. Suppose 2*m - m = -z. Let k be m/(-10) - 8/(-20). Let y(s) = 2*s**2 - 6*s. Calculate y(k).
8
Let z = 65 - 37. Suppose 4*d + v = -z, v - 2 + 6 = 0. Let u(f) = 74 + f**2 + 5*f - 25 - 26 - 28. Calculate u(d).
1
Suppose 2*q - 7 = 3. Let i(t) = t. Let n be i(q). Let g(r) = r + 1. Give g(n).
6
Let q(u) = 1. Let v(d) = -d - 5. Let p(o) = 4*q(o) + v(o). Suppose -3*n = 2*w + 14, 2 = 4*w + 3*n + 18. What is p(w)?
0
Let q(m) = m - 8. Let j(b) = -2*b + 23. Let a be 1/((-2)/32*-4). Let r(n) = a*j(n) + 11*q(n). Let x(h) = h + 1. Let p be x(-6). Calculate r(p).
-11
Let w(v) = 2*v - 6 + 2 + 2. Let l be 8/2*(0 + 1). What is w(l)?
6
Let z(n) = -n + 11. Let u(f) = f**3 + 15*f**2 + 15*f + 14. Let i be u(-14). Determine z(i).
11
Let l(o) be the first derivative of -o**2/2 + o - 11. What is l(-3)?
4
Let n be 5/(-35) + 29/7. Let h(d) = n*d**2 + 1 + d - 2*d - 1. Suppose b - 3*c = 2, 0*b + 2*b + 6 = -4*c. Determine h(b).
5
Let s(o) = o**3 - 6*o**2 - 8. Let j be (-9)/(-2)*32/24. Calculate s(j).
-8
Suppose 5*g + 2*r - 6 = 0, -4*g - 3*r + 4 = 2. Let u(k) be the second derivative of k**4/6 - k**3/3 + k**2/2 + 2*k + 140. Calculate u(g).
5
Let s(m) be the second derivative of m**5/10 + m**4/4 + m**3/3 - m**2/2 - m. Let j = 101 - 103. Determine s(j).
-9
Let b(w) = w + 6. Suppose -2*j - 2*s - 3*s = 15, 5*s = 4*j - 15. What is b(j)?
6
Let u(f) = f - 1. Let o(r) = r. Let c(b) = 4*b + 2. Let x(a) = -c(a) + 6*o(a). Let d(i) = 5*u(i) - 2*x(i). Calculate d(5).
4
Let l(i) be the third derivative of -i**6/120 - i**5/12 + i**4/4 - 4*i**3/3 - 11*i**2. Determine l(-6).
-8
Let c(b) = -b**2 + 18*b + 12. Let z be c(19). Let k(t) = -2*t + 10. Determine k(z).
24
Suppose -1 = -4*q + 15. Let z = -1 - q. Let p(x) be the second derivative of -x**4/12 - x**3 - 3*x**2 - x. Determine p(z).
-1
Let u(w) = w**3 + 2*w**2 - 6*w - 5. Let z be u(-3). Let q(a) = a**2 - 4*a - 4. Give q(z).
-4
Let r(z) = z**2 - z + 1. Let k(d) = 4*d**2 + d + 2. Let o(f) = k(f) - 5*r(f). What is o(6)?
-3
Let a(t) be the second derivative of -t**5/20 - 5*t**4/12 - t**3/3 + 3*t**2/2 - 3*t. Calculate a(-4).
-5
Let i(d) = -d + 3 - 5 + 3. Let z(u) = -u. Let n be z(3). Determine i(n).
4
Let n be 5 - -3*4/4. Let t(x) = -x**2 + 8*x + 1. Give t(n).
1
Let j(x) = -x**3 - 6*x**2 + 8*x - 9. Let l = 42 + -49. Give j(l).
-16
Let n(m) = -4*m**2 + 2*m + 0*m**3 + m**3 - 288 + 287. Give n(2).
-5
Let g(y) = y - 11. Let m = 213 + -208. Determine g(m).
-6
Let s(g) = -g**2 - g + 2. Let u(j) = -j + 8. Let l(q) = 10*q**3 - q**2 + q. Let a be (1/1)/(2 - 1). Let x be l(a). Let d be u(x). What is s(d)?
0
Let z(s) = -3*s**2 - 1. Let n(c) be the third derivative of -c**5/60 + 5*c**4/24 - 5*c**3/6 - 2*c**2. Let m be n(4). What is z(m)?
-4
Suppose 4*r = -14 - 26. Let w = -7 - r. Let v(g) = -7*g**3 + 11*g**2 - 7*g. Let h(u) = -10*u**3 + 16